8 - f**3/3 - 12*f**2. Determine o(6).
16
Let w(a) = a**3 - 9*a**2 + 9*a - 9. Let p be w(8). Let s be p/((-2)/4*1). Let b(z) = -5*z**2 + 3 - s + 4*z**2 + 2. What is b(-3)?
-6
Suppose -k + 17 = -3*d, -3*d - d - 3*k - 27 = 0. Let j(z) = -2*z - 6. Give j(d).
6
Suppose -6 = 2*z + 3*d + 3, -3*z = -4*d - 29. Let n(q) = 4*q + 3. Calculate n(z).
15
Let s(k) be the first derivative of 7*k**2/2 + 3*k - 3. Let a(n) = -n - 1. Let u(v) = -4*a(v) - s(v). What is u(-4)?
13
Let p(l) = -2*l**2 - l - 8. Let c(y) = 3*y**2 + 2*y + 9. Let a(i) = -4*c(i) - 5*p(i). Suppose -4*j = -4, 0*u - 2*j = -u - 9. Let k = u - -4. Give a(k).
-5
Let z = -5 + 9. Suppose q - 6 = z*q. Let p(x) = 3*x. What is p(q)?
-6
Let h be ((-17)/(-51))/((-1)/(-18)). Let j(o) = o**2 - 7*o - 8. Calculate j(h).
-14
Let p(a) = -a**2 + 5*a + 3. Suppose -40 = 5*i - k + 5*k, -i - 32 = -4*k. Let n be ((-8)/i)/(4/30). Calculate p(n).
3
Let q(c) = 10*c**2 + c. Suppose 4*w + 9 = -3*a, 0*w = -w - 4*a + 14. Let i be (-2)/w*(6 - 3). What is q(i)?
11
Let z(w) = -15 + w + 2 + 11. Determine z(5).
3
Let y be 0 + 3 + 27/9. Let n(q) = 6*q - 3. Let l(c) = 5*c - 2. Let r(a) = y*l(a) - 4*n(a). What is r(1)?
6
Suppose -3*l + 4 = l. Let b(o) = -6 + 6 + 4*o - l + o**2 - 1. What is b(-5)?
3
Let y = -22 - -21. Let s(c) = -6*c. Calculate s(y).
6
Let s(r) = 2*r**2 + 3*r + 4. Suppose 4*y + 21 = 3*h, 7*h = 8*h - 3. Calculate s(y).
13
Let v(p) = 6*p + 1. Suppose -u - 7 + 4 = 0. Let a be (u/2 + 1)*2. Determine v(a).
-5
Let l(i) be the second derivative of i**5/20 + 5*i**4/12 + 2*i**3/3 + i. What is l(-3)?
6
Let o(k) be the third derivative of -k**5/60 - k**4/8 + 4*k**2. Let m be 14/18 - 10/(-45). Suppose 3 + m = -j. What is o(j)?
-4
Let z(m) = 2*m**2 - 4*m - 3*m**2 + 2*m**2. What is z(5)?
5
Let q(s) = 24*s + 1. Let r = -61 + 62. Give q(r).
25
Let q(v) be the first derivative of 0*v - 1 + 1/2*v**2. Let g(x) = x + 12. Let h be g(-8). Give q(h).
4
Let k(t) = 10*t + 7. Let j = 31 - 18. Let c(h) = 21*h + 15. Let m(a) = j*k(a) - 6*c(a). Let l(x) = x**3 - 5*x**2 + 3*x + 2. Let p be l(4). Give m(p).
-7
Let g(t) be the first derivative of -t**5/40 - t**4/24 - t**3 - 5. Let d(z) be the third derivative of g(z). Calculate d(3).
-10
Let u = -4 + 5. Let z = 3 + -1. Let w(f) = 2*f + 0*f**2 + 0*f**2 - 1 + 8*f**z. What is w(u)?
9
Let h(b) = -3*b + 5. Let r be (16/10)/((-2)/(-10)). Suppose r*l = 3*l. Suppose -3*i = -l*n + n - 17, i + n - 9 = 0. Determine h(i).
-7
Suppose -h = 4*h. Let g(o) = h*o - 2*o + 5*o + 4 - 2. Determine g(-3).
-7
Suppose 2*y - 5 = -1. Let i(o) = -y*o + 3*o**3 + 2*o - 1. Let f(w) = w**3 + 8*w**2 + w + 9. Let z be f(-8). Determine i(z).
2
Let s(f) = f**2 - 7*f + 1. Let h be s(7). Let q(t) = -4*t**3 + t. Determine q(h).
-3
Let l = 10 + -7. Let j(x) = x + 4*x**l + 0*x + 12 - 3*x**3. Suppose 0*c = -4*c. What is j(c)?
12
Let i = 163/24 + -27/4. Let w(f) be the third derivative of 0*f - i*f**4 - 2*f**2 - 1/6*f**3 + 0. Calculate w(-2).
1
Let g(k) = k**2 + 7*k + 1. Suppose -2*s + 3*x + 2 - 4 = 0, 4*s - 3*x + 16 = 0. What is g(s)?
1
Let r(g) = g - 8 - 2*g + 11 + 14. Give r(14).
3
Let h(y) = -y**3 - 4*y**2 + 3. Suppose 4*g = 8*g + 12. Let f be h(g). Let d(c) = -c - 8. Give d(f).
-2
Suppose 7*h = h. Let j(n) = n**2 - 2. Give j(h).
-2
Let v(k) = -k**3 - 2*k**2 + 2*k - 1. Suppose 5*h = -29 + 34. Calculate v(h).
-2
Let r(h) be the second derivative of -h**4/12 + 5*h**3/3 + 3*h**2 - 35*h. Determine r(10).
6
Let o(q) = 2 - 19 - 2 + 2 - q. What is o(-8)?
-9
Let s(f) = 1 + 0*f + 0 - f. Let t(q) = -18*q + 14. Let g(r) = 12*s(r) - t(r). Give g(2).
10
Let y(f) be the first derivative of f**3/3 + 11*f**2/2 + 2*f + 32. Calculate y(-10).
-8
Let w(v) = -2*v**3 + 6*v**2 - 11*v + 2. Let s(b) = -5*b**3 + 12*b**2 - 23*b + 5. Let l(y) = 3*s(y) - 7*w(y). Determine l(-7).
-6
Let c(z) = z**2 - 2*z + 2. Let w = 6 + -4. Let h be c(w). Suppose -10 = 4*g + h*b, -3*g - b - 1 = 6. Let a(i) = i**3 - i**2 - 4*i - 3. Calculate a(g).
-7
Let v(t) = -3*t - 7. Let g(w) = -w**2 + 2*w + 2. Let x be g(4). Let a(d) = -d**3 - 6*d**2 + 3. Let h be a(x). Let r be (1 - 0)*(-2 - h). Determine v(r).
8
Let z(a) = a**2 - 3*a + 1. Let b be z(2). Let d(c) = -c**3 - c**2 + 1. Calculate d(b).
1
Let o(f) = f - 4. Let n be o(5). Let v(h) = -12*h. Calculate v(n).
-12
Let n = 8 - 3. Let l(g) = -g + 9. Let f be l(6). Suppose -4*q - 4*i = -q + n, f*i + 5 = -q. Let m(h) = 7*h**3 - 1. Calculate m(q).
6
Let k(l) = 6*l + 1. Let n be k(1). Let a(b) = -3*b - 2 - n + 2*b + 3. Determine a(-5).
-1
Let x(h) be the first derivative of -h**2/2 + 9*h + 55. Calculate x(12).
-3
Let w(d) = -d**2 + d. Let f = -3 + 6. Suppose 0 = u + 5*y + 25, 4*y + 22 - 2 = 0. Suppose 0 = -2*o - f*k + 6*k - 2, u = -o - 3*k - 1. What is w(o)?
-2
Let g(t) = -t**3 + 9*t**2 - t + 13. Let x be g(9). Let y(v) = -7 - 8 + 17 + x*v. What is y(-2)?
-6
Let j(m) = 96 + 3*m - 3*m - 95 - m. What is j(-1)?
2
Let o be 7 + 200/(-32) + (-3)/4. Let b = 0 - 0. Let m(z) = 0*z + b*z - z**2 + 3. Give m(o).
3
Let g(r) = -r**2 + 10*r - 8. Let o be 1*9 - 0/(-5). Let t be g(o). Let n(z) = 10*z**3 - z**2. Calculate n(t).
9
Let g = -3 - -8. Suppose 0 = -5*o - g*i + 10, 4*o + 3*i + 2*i = 8. Let f(k) = k - 1. What is f(o)?
1
Let d(f) = f + 2*f + 1 - 3 + 1. Let o(m) = -16*m + 4. Let j(c) = -11*d(c) - 2*o(c). Let u(a) = -2*a + 7. Let n(q) = -5*j(q) + 3*u(q). Calculate n(5).
1
Suppose 0 = -3*j + 2 + 31. Let s(y) = -12*y**3 - 5*y**2 + 2 + j*y**3 + 2 - 4*y. Give s(-4).
4
Let q = 6 - -2. Let f be q/6*18/4. Suppose c + 2*r = -f, -5*c - 2*r = -c + 24. Let s(n) = n**3 + 5*n**2 - 8*n - 5. Determine s(c).
7
Let h(i) be the second derivative of -i**5/20 - 3*i**4/4 + 11*i**3/6 + 3*i**2 - 2*i - 22. What is h(-10)?
-4
Let k(s) = 10*s**3 + 6*s**2 + 5*s + 5. Let q(b) = b**3 + b**2 + b + 1. Let v(a) = -k(a) + 5*q(a). Determine v(1).
-6
Suppose -5*s + 3*h = 1, h = -3*s + 5 - 0. Let w(n) = s - 5*n + 5*n + 5*n**2 - 2*n + 0*n. What is w(1)?
4
Suppose -2*f - 2 = -4. Suppose -3*p + 2*p = -f. Let j(t) = -9*t - 1. Give j(p).
-10
Let y(u) = 5*u - 2. Let t be y(2). Suppose 0 - t = 4*z. Let a = 0 + z. Let p(s) = -s + 2. Determine p(a).
4
Let s = -4 - -12. Let w = -3 + s. Suppose -2*g = 3*g - w. Let m(u) = 2*u**3 + 1. Give m(g).
3
Let h(q) = -8*q - 13. Let n(w) = -4*w - 7. Let y(o) = 3*h(o) - 5*n(o). Let m(p) = 2*p + 2. Let k(t) = -11*m(t) - 6*y(t). What is k(-3)?
-4
Let z(l) be the third derivative of l**2 + 1/60*l**5 + 1/12*l**4 + 0*l + 1/2*l**3 + 0. Give z(-2).
3
Let g(k) be the third derivative of -k**5/15 + k**4/24 - k**3/6 + 12*k**2. Give g(1).
-4
Let f(c) be the third derivative of -c**4/24 - c**3/2 + c**2. Give f(-6).
3
Let w(a) = a**2 + 3*a - 5. Let b(i) = i**2 + 4*i - 4. Let k(d) = 5*b(d) - 4*w(d). What is k(-5)?
-15
Let p(c) be the second derivative of -5/2*c**2 + 4/3*c**3 - 2*c + 0 - 1/12*c**4. Determine p(6).
7
Let j(d) be the third derivative of d**5/60 - d**4/24 - d**3/2 - 6*d**2. What is j(3)?
3
Let c(s) = s**2 + 5*s - 5. Let k = 20 + -25. Calculate c(k).
-5
Let n(w) = -5*w + 6*w**2 - 1 - 5*w**3 + 0*w**2 + 0*w**3 + 4*w**3. Calculate n(5).
-1
Let s(q) be the third derivative of -q**5/60 + q**4/8 + 5*q**3/6 + 6*q**2. Determine s(5).
-5
Let w = -6 + 4. Let l(f) = -3*f**2 - 6*f - 1. Let z(u) = -6*u**2 - 11*u - 2. Let q(b) = 5*l(b) - 3*z(b). What is q(w)?
7
Let i(g) be the first derivative of g**4/4 + g**3/3 + g**2/2 - g + 45. Determine i(0).
-1
Let z(x) = -2*x - 3. Let l(s) = -s**2 - 2. Let h be l(-2). Let r be ((-4)/3)/((-2)/h). Let n = 0 + r. Calculate z(n).
5
Let h be 3/(3/(-12)*6). Let b be h/(-2) + 0 + -1. Let g be (10 + -5)/(b + -1). Let c(d) = -d**2 - 5*d - 3. Give c(g).
-3
Let d(p) be the third derivative of 2*p**7/315 - p**6/360 + p**5/120 - p**4/12 - 2*p**2. Let l(g) be the second derivative of d(g). Determine l(1).
15
Suppose b - 3*b = -2. Let x(r) = r**2 + 0*r + r + b - 2*r. What is x(0)?
1
Let q(u) = u**3. Let d be (-4)/(-22) - (-68)/(-11). Let t(l) = -l. Let m(h) = -5*h - 7. Let p(b) = m(b) - 4*t(b). Let o be p(d). What is q(o)?
-1
Suppose 2 = -g, -4*l - 3*g = -3 + 1. Let s(c) = 2*c - 3*c - l + 0. Determine s(-4).
2
Suppose 4*c = -0*c. Suppose 0 = -3*d + 4*q - 14, c*d - 4*d + 2*q = 2. Suppose 5*n - 3*z - 12 + 1 = 0, d*z = n + 2. Let x(i) = i - 7. What is x(n)?
-3
Let a(h) = -4 + 2 + 8 + 5*h - 6*h**2 - h + h**3. Determine a(5).
1
Let j(n) = -2*n - 14. Le